ppose j = -3*i + 18, 3*j + 5 + 7 = 2*i. What is the highest common factor of i and g?
6
Suppose -4*c = -k - 15, 0 = -0*k + 5*k + c + 33. Let b = 16 + k. Calculate the highest common divisor of b and 27.
9
Let p = 31 - 19. Suppose 5*n - 4*c - 12 = 0, -4*c + 20 = 3*n - 0. Suppose n*l + 72 = 5*v, 0*l + l - 57 = -5*v. What is the highest common divisor of p and v?
12
Suppose -2*z + z = -50. Let q = 116 - z. Suppose -c - 4*f - 10 = 0, 6*f = c + f - 26. Calculate the highest common factor of q and c.
6
Suppose 4 = -2*x, -l + 3*x + 16 = -0*x. Calculate the highest common divisor of 80 and l.
10
Let c be (-3)/18 + (-194)/(-12). Let k be (-1)/(-3) - (-14)/(-6). Let i = k + 6. Calculate the greatest common factor of i and c.
4
Let l = 6 + 4. What is the highest common divisor of l and 25?
5
Let n(b) = b**2 + 3*b - 4. Let w be n(-6). Calculate the highest common factor of w and 2.
2
Let w = 44 - -46. What is the highest common divisor of w and 36?
18
Suppose 0 = -2*t - 2 + 8. Suppose -2*r + 3*r = 3. Suppose r*g + g - 4 = -2*b, t*g = -5*b + 24. Calculate the highest common factor of b and 1.
1
Let p(i) = i**3 + 11*i**2 - 2*i - 13. Let l be p(-11). Calculate the greatest common factor of 27 and l.
9
Let g(n) be the second derivative of 3*n**4/4 + n**2 + n. Let k be g(2). Let u = -25 + 44. Calculate the greatest common divisor of u and k.
19
Suppose -45 = -3*m - 0*m. Calculate the greatest common factor of 75 and m.
15
Let o(b) = 9*b**3 - b**2 - 3*b - 1. Let z be o(-1). Let j be (12/z)/((-9)/12). Calculate the greatest common divisor of 1 and j.
1
Let i be (66/18)/((-1)/(-15)). Let k(l) = l**3 + 3*l**2 - 2*l + 3. Let m be k(-5). Let v = m + i. Calculate the greatest common divisor of v and 2.
2
Let x = 14 + 2. What is the greatest common divisor of x and 64?
16
Suppose -2*j + 10 = -4*q, 4*j + 3*q = -0*j - 2. Let k be ((-64)/(-10))/(j/15). Suppose 4*i = k + 64. What is the greatest common factor of 5 and i?
5
Let u = 394 + -163. Calculate the greatest common divisor of u and 21.
21
Suppose 0 = -5*r + 47 + 13. Let b be -19*1/2*-2. Let p = b - r. Calculate the greatest common factor of p and 56.
7
Suppose -6*b - 12 = -2*x - 4*b, 0 = -2*x + 5*b + 24. What is the highest common divisor of x and 20?
2
Let m be (6 - 4) + (4 - -1). Let a be 3*(8/(-3))/(-2). Suppose 276 - 4 = 5*h - a*g, 3*h = -2*g + 172. What is the highest common divisor of m and h?
7
Suppose -z + 25 = -3*g + 2*g, -4*z + 95 = -3*g. Suppose 6*c + 0*c = 180. Calculate the greatest common factor of c and z.
10
Suppose -2*w = u - 63, -5*u - 2*w = -4*w - 279. Let c = u + -27. What is the highest common factor of 10 and c?
10
Suppose -q - 2*l = -6*q - 113, -2*l = -8. Let j be (3 + q)*(-6)/4. Calculate the greatest common divisor of 3 and j.
3
Let g(t) = -t**3 + 4*t**2 - 2*t. Let y be g(2). Let s(k) = -7*k + 14*k + 0 + 2. Let i be s(y). Calculate the highest common divisor of 15 and i.
15
Let v be -1*(1 - (3 + -2)). Suppose v = -r - 2*r. Suppose -2*d + 373 + 23 = r. Calculate the greatest common divisor of d and 22.
22
Suppose -o = 3*i - 0*i - 50, -o - 78 = -5*i. What is the greatest common factor of i and 176?
16
Suppose y - 40 = 6*y. Let w be 1*-4 + 1*-1. Let b be (30/y)/(w/40). Calculate the highest common divisor of 12 and b.
6
Suppose 5*s - 82 = -4*i, s = 4*s - 5*i - 27. What is the highest common divisor of s and 14?
14
Suppose 3*i = -4*f + 23, -5*i + 2*f - 7 + 2 = 0. Let m be i*3 + (-2 - -2). Calculate the highest common divisor of m and 21.
3
Let n(i) = i**2 + 16*i - 23. Let f be n(-18). Calculate the highest common factor of 143 and f.
13
Let y be (-1 - (2 + -6)) + 1. Let h = 169 + -99. Suppose h = 2*l + k - 4*k, -5*l + k = -162. Calculate the highest common divisor of l and y.
4
Let k = 7 - -3. Suppose 0 = 2*g + 4*p - 208, -538 = -5*g - 0*p - 4*p. Calculate the greatest common divisor of k and g.
10
Suppose -2*l - 8 = -0*s - 3*s, 4*l = -4. Suppose -1 - 4 = -w, 22 = 2*u - 2*w. Calculate the greatest common divisor of s and u.
2
Let p be (4/5)/(9/(-90)). Let l = 10 + p. What is the highest common factor of 2 and l?
2
Suppose 4*d - 12 = -0*d. Suppose -49 = -4*u + 3. Suppose d*f = -i + 14, i - 4*f = 2*i - u. Calculate the greatest common factor of i and 17.
17
Suppose 2*v = -3*l - 2*v + 548, 3*v - 366 = -2*l. What is the greatest common factor of l and 20?
20
Suppose 0 = 5*b - 2*g - 85, 2*b + g = -4*g + 34. What is the greatest common divisor of b and 136?
17
Let y(n) be the first derivative of 2*n**3/3 - 9*n**2/2 + 6*n + 1. Let d be y(6). What is the highest common factor of d and 3?
3
Let q(a) = 3*a**3 - 6*a**2 + 5*a + 4. Let l be q(4). Let f be (-1)/(-1) + 57/3. Let g be (1 + (0 - 0))*f. What is the greatest common factor of l and g?
20
Let i(h) be the third derivative of h**5/12 + h**4/24 + h**3/6 + h**2. Let o be i(-2). What is the highest common divisor of 38 and o?
19
Suppose 0 = 2*k - 10, 0*u = 2*u + k - 9. Suppose 4*n - u*n = 80. Calculate the highest common divisor of 16 and n.
8
Let q = 39 + -25. Calculate the greatest common factor of 21 and q.
7
Let t = -3 - -15. Let v(w) = -9*w + 3. Let c be v(-3). Suppose 2*z = z + c. What is the highest common divisor of t and z?
6
Suppose 5*j = 2*j + 27. What is the greatest common factor of j and 9?
9
Let m be (-2)/4*0/(-2) - -7. What is the greatest common divisor of m and 21?
7
Let v(u) = u**2 + 2*u - 2. Suppose -g - 3*l = 7, -4*g + 2*l - 17 = 3*l. Let z be v(g). Calculate the greatest common divisor of z and 6.
6
Let o be -12 + 2/3*3. Let l be (-536)/o + (-6)/(-15). Let m = l - 26. Calculate the highest common factor of m and 70.
14
Let b be (-2)/11 - 14/(-77). Let w be 118 - (0 + b) - -3. What is the highest common factor of 11 and w?
11
Suppose 0 = -3*z - 0*z + 105. Suppose 2*t - z = -3. Calculate the highest common divisor of t and 24.
8
Suppose -3*a + 31 = 5*f, -38 = -2*a - 5*f - 9. Let j be 11/(1/1)*a. Calculate the highest common divisor of 11 and j.
11
Suppose -4*j + 1848 = 4*j. Calculate the highest common divisor of 33 and j.
33
Let w = -1 - -14. Calculate the greatest common factor of 104 and w.
13
Let o(c) = c**2 + 2*c + 4. Let y be o(-3). Let f = y - -4. Calculate the greatest common divisor of f and 121.
11
Let q be (-4)/(-14) - (-290)/14. Let p = 2 + q. Let u be 45 + (0 - -1) + 0. What is the greatest common factor of p and u?
23
Suppose -4*m - 2*j + 276 = 0, -2*m - j + 342 = 3*m. What is the greatest common factor of m and 102?
34
Suppose 45 = 19*h - 14*h. Calculate the greatest common factor of 1 and h.
1
Suppose -6 = a - 22. Suppose -a = -3*r + 8. Let b = 7 - -65. What is the greatest common factor of b and r?
8
Let j(f) = f**2 - 6*f - 4. Let z be j(-4). What is the greatest common divisor of z and 12?
12
Let h be (-18)/12*(-40)/(-6). Let l(a) = a**2 + 10*a + 5. Let p be l(h). Calculate the highest common divisor of p and 5.
5
Let d(s) = -2*s + 3. Let w be (-6)/4*20/(-3). Suppose 4*z + 2*t = -t - 5, -w = 3*z + t. Let o be d(z). Calculate the greatest common factor of o and 52.
13
Let s(h) = 6*h**2 - h + 2. Let g be s(-2). Let t = 1 - -7. Suppose 3*m - 4 = t. Calculate the highest common factor of g and m.
4
Let b = 8 - 27. Let s = b + 39. What is the highest common factor of 8 and s?
4
Suppose 7*l - 9*l = -120. Calculate the greatest common factor of l and 20.
20
Let w(u) = 3*u**2 + 2*u**2 - 7 - 2*u - 3*u + u**3. Let h be w(-5). Calculate the greatest common divisor of h and 6.
6
Suppose 0 = t - 4 - 41. Suppose -4*y - 2*k + 8 = -16, -2*y = 4*k - 18. Suppose 0 = 5*n - y*v - t, v + 4 = -v. Calculate the highest common divisor of 7 and n.
7
Suppose 3*f + 0 + 10 = -2*t, 0 = -4*f. Let n be 238/(-35)*t/2. Calculate the greatest common divisor of 51 and n.
17
Let x(b) = -b**2 + 18*b - 30. Let k be x(15). Calculate the highest common divisor of k and 135.
15
Suppose -z + 2*z = -h + 151, 4*h - 760 = -5*z. Calculate the greatest common factor of 12 and z.
12
Let b be 2/(-9) - (-7)/(-9). Let k be (-6 - 7)*(-2 - b). Calculate the highest common divisor of k and 65.
13
Let f = 9 + 13. Calculate the highest common factor of 154 and f.
22
Let c be (-4)/(-16) - (-2)/(-8). Suppose -2*r = -c*r - 12. Let o(w) = w**3 + 7*w**2 - 2*w + 6. Let l be o(-6). What is the greatest common divisor of r and l?
6
Let s be ((-12)/(-5 + 1))/1. Calculate the